of k and 8.
1
Let a be (-1 - (-2 + 0)) + 11. What is the highest common factor of a and 4?
4
Suppose 7*m = 4*m - 4*w + 52, -2*m + 5*w = -27. Suppose -4*f - 76 = m. Let y = -15 - f. Calculate the highest common divisor of 24 and y.
8
Let g = 22 + -16. Let c = -11 - 33. Let m be (c/5)/((-4)/30). What is the highest common divisor of m and g?
6
Suppose k - 6 - 5 = 0. What is the greatest common factor of 121 and k?
11
Let v be 0 + (-24)/((7/(-18))/7). Calculate the highest common factor of 48 and v.
48
Let v(q) = 4*q + 64. Let b be v(-13). What is the greatest common factor of b and 16?
4
Let t be 52 - 12*(0 - 1/3). Suppose 0*x = -4*x + 20. Suppose 22 + 23 = x*k - s, 2*k - 6 = -2*s. Calculate the highest common divisor of k and t.
8
Let x = 22 - 7. What is the greatest common divisor of 165 and x?
15
Let z(u) = -u**2 + 14*u - 12. Let q be z(10). What is the highest common factor of q and 8?
4
Let d(k) = 2*k**3 + 17*k**2 + 2*k + 8. Let o be d(-8). What is the greatest common divisor of 21 and o?
7
Let z(j) = j**2 + 17*j - 10. Let a be z(-18). What is the highest common divisor of 104 and a?
8
Let r = 6 + -14. Let d = -5 - r. Calculate the highest common divisor of 12 and d.
3
Suppose 0 = -4*h - 5*p - 198 + 712, 5*p + 494 = 4*h. Suppose 2*l + 0*j - j - 28 = 0, 4*l + 3*j - 56 = 0. Calculate the highest common factor of l and h.
14
Let i be ((-6)/9)/2*-6. Let w(h) = -4 - i*h - 2 - h. Let l be w(-4). Calculate the greatest common divisor of 3 and l.
3
Let z be -2 + (-2)/(-2) + 25. Calculate the greatest common divisor of z and 264.
24
Let r be ((-31)/(-3) + -1)/(4/18). What is the highest common divisor of r and 21?
21
Let q = 188 - 98. What is the highest common factor of q and 60?
30
Suppose -5*h - 6 + 26 = 0. Calculate the highest common factor of 16 and h.
4
Let h = 212 - 114. What is the highest common divisor of h and 14?
14
Suppose -11*p = -15*p + 900. Calculate the highest common divisor of 45 and p.
45
Let o(l) = 2*l**2 + 4 - 5 + 4 - 2. Let q be o(-2). Calculate the highest common divisor of 36 and q.
9
Let l be (-566)/(-3) - (2 + 21/(-9)). Calculate the highest common factor of 27 and l.
27
Suppose -5*n + 137 = 2*i - 6*i, -3*n + 5*i = -77. What is the highest common divisor of n and 87?
29
Let f be 122/8 + (-20)/80. What is the greatest common factor of 12 and f?
3
Let r be 98/21 + (-2)/3. Suppose 2*a - 21 = 19. Calculate the greatest common divisor of r and a.
4
Suppose -45 = -3*x + 3*i, -x + 2*i + 50 = 3*x. Calculate the greatest common factor of 5 and x.
5
Suppose 4 = 2*w - 0. Let x be (2/4)/(2/(-4)). Let m be 2 - (x + (-2 - 0)). Calculate the greatest common divisor of m and w.
1
Suppose -4*v + 5*p = v - 100, 3*p = -5*v + 132. Suppose 6*o - 301 = -205. What is the highest common divisor of o and v?
8
Suppose -415 + 10 = 5*j. Let f = -48 - j. Let o = f + -15. Calculate the greatest common factor of 9 and o.
9
Suppose -r = 2*r - 42. Suppose -6*u + 1810 = -u + 5*c, -4*u - 3*c + 1445 = 0. Suppose -975 = -4*b - u. Calculate the highest common factor of r and b.
14
Suppose -s - 8 = -2*s. Let m be 26/s*4*38. Suppose 2*p = -2*j - 141 + 403, -4*j = -2*p - m. Calculate the greatest common factor of j and 14.
14
Suppose -5*n + 5 = 3*o, -4*n + 4 = -7*o + 2*o. Suppose 5*h = -o*h + 180. Suppose -3*p = 5*i - 41, -2*i + 4 = 2. Calculate the greatest common factor of h and p.
12
Let r = 6 + -9. Let f be 2 - 3/r*25. Calculate the highest common factor of f and 9.
9
Suppose -2*j = -5*j - 30. Let i be (14 - j)*(-1 - -2). Suppose 3*f - 2*f = 12. Calculate the greatest common factor of i and f.
12
Let w = 9 + -5. Let c(s) = s + 4. Let v be c(-4). Suppose v = b + 3*k - 91, -2*b + 68 = -w*k - 94. Calculate the highest common divisor of b and 17.
17
Suppose 145 = 5*c + w, -4*c + 3*w = 12 - 109. Calculate the greatest common divisor of c and 14.
14
Suppose 3*n - 7 = 11. What is the greatest common factor of 66 and n?
6
Let s be (48/(-40))/((-2)/5). Suppose -3*b = k - 61, s*k + 4*b - 60 - 128 = 0. What is the highest common factor of 8 and k?
8
Let i(z) = 9*z - 78. Let k be i(11). Calculate the greatest common factor of k and 63.
21
Let q(x) = -x**2 + 19*x + 22. Let w be q(18). What is the greatest common factor of w and 40?
40
Suppose 3 = -l + 12. Calculate the highest common factor of 1 and l.
1
Suppose 297 = -9*i + 12*i. Calculate the highest common factor of 22 and i.
11
Suppose t - 5*r = -t + 44, 0 = -5*r + 20. What is the greatest common factor of t and 96?
32
Let l = 196 + 57. What is the greatest common factor of 23 and l?
23
Let k be ((-138)/4)/((-21)/70). What is the highest common factor of 23 and k?
23
Suppose 0 = -t - 5*q - 15, 5*q = 4 - 19. Suppose 0 = -5*r - t*r. Suppose s - 45 = w, 3 = -3*w - r. Calculate the greatest common divisor of 11 and s.
11
Suppose 5*f + 0*f = 490. What is the greatest common divisor of f and 14?
14
Let d = -4 + 12. Suppose 3*v - d = -q, 0 = q - 4*v - v. Let h = 4 + q. Calculate the highest common divisor of 36 and h.
9
Let k(o) = -o**2 + 4*o - 3. Let m be k(2). Let b be 6061/66 - m/(-6). What is the highest common factor of 23 and b?
23
Let p = -21 - -39. Let k(h) = -h**3 + 7*h**2 - 6*h + 7. Let w be k(5). Let n be (-2 + 0)*w/(-6). Calculate the greatest common divisor of n and p.
9
Let y(m) = m**3 + 2*m**2 - 2*m + 3. Let d be y(2). Suppose 7 = 5*q + o, 3*q - 3*o - d = -0. Calculate the highest common divisor of 16 and q.
2
Suppose 4*j = 6 + 10. Suppose n + j = 9. What is the greatest common divisor of 50 and n?
5
Suppose 0 = -4*o - 3*l + 14, 3*o - 5*l + 2 = -o. What is the highest common factor of o and 22?
2
Let h(r) = -22*r**2 + 2*r - 1. Let s be h(-2). Let k be s/(-7) + 2/(-7). Let i be ((-260)/(-14))/((-1)/(-7)). What is the highest common factor of i and k?
13
Let j be (-72)/(-5) + (-22)/55. Calculate the greatest common divisor of 70 and j.
14
Let v(o) = -o**3 - 7*o**2 + 6. Let r be v(-7). Suppose -5*f - 27 = -8*f. What is the highest common factor of f and r?
3
Let x(n) = -n**2 + 3*n + 5. Let z be x(4). Suppose c - 8 = z. Let u(l) = 98*l**3 + l. Let w be u(1). What is the highest common divisor of c and w?
9
Let m(g) = g + 84. Let k be m(0). Calculate the greatest common factor of 12 and k.
12
Let g(r) = r**3 + 9*r**2 + 7*r - 5. Let w be g(-8). What is the highest common divisor of w and 9?
3
Suppose 0*x = -2*x. Suppose x*i + i = 40. What is the highest common factor of 16 and i?
8
Suppose -36 = 2*b - 6*b. Calculate the highest common factor of 45 and b.
9
Suppose -28 = -4*d - 2*u, 2*u + 34 = 3*d - 3*u. Let x be (-1546)/(-9) - (-6)/27. Let b = x + -84. What is the highest common factor of d and b?
8
Let o be ((-12)/(-10))/(2/5). Suppose 7*y - s + 19 = o*y, 2*s = -2. Let n be (6/y)/((-6)/20). Calculate the highest common factor of 2 and n.
2
Let h be (1*-6)/(4 + -6). Suppose 3*m - 116 = 2*s, -2 - 4 = -h*s. Calculate the greatest common divisor of 20 and m.
20
Let h(r) = -r**3 + 11*r**2 + 2. Let v be h(11). What is the highest common factor of v and 14?
2
Let i(x) = x**2 + 4*x - 1. Let a be i(-6). What is the greatest common divisor of a and 33?
11
Let t = 36 + -15. What is the highest common divisor of t and 7?
7
Suppose -12 = -2*b + 36. Let k(c) be the second derivative of c**4/4 + c**3/2 - c. Let q be k(-4). Calculate the highest common factor of q and b.
12
Let i(m) = m**3 + 4*m**2 + 3*m + 2. Let p be i(-4). Let v be 7*p/(-21)*3. What is the greatest common factor of 40 and v?
10
Let i(s) = -s**3 + 5*s**2 - 2*s - 2. Let r be i(4). What is the highest common divisor of 3 and r?
3
Let u(p) = p**3 + 9*p**2 + 7*p - 1. Let i(z) = z**3 - 6*z**2 + 4*z - 3. Let a be i(5). Let o be u(a). What is the greatest common factor of o and 56?
7
Let k be 51 - 2/4*2. Let l = 74 - k. Calculate the greatest common factor of l and 4.
4
Let h = 56 - 39. Calculate the highest common divisor of 119 and h.
17
Suppose 4*c + r = -r + 510, -127 = -c - r. Suppose 0 = -4*m - 3*t + c, m + 3*m + 4*t - 128 = 0. Calculate the highest common factor of m and 8.
8
Suppose -10 = -3*s + 2. Suppose 0 = -2*u + s - 2. What is the highest common divisor of u and 8?
1
Let q(m) = 8*m. Let x be q(10). Let i = -25 - -35. Calculate the greatest common factor of x and i.
10
Let v = 29 - 18. Let r be (-1 - -1)*1/2. Suppose -4*a - 3*m = -r*m - 273, 4*m = a - 